 what is 455535 + -25?
455510
In base 6, what is 20 - 422005?
-421545
In base 6, what is -24 - -130053?
130025
In base 5, what is 32422 + -1404?
31013
In base 6, what is -24151212 - 5?
-24151221
In base 3, what is -1010210122 + 20220?
-1010112202
In base 4, what is -10 + -22101112?
-22101122
In base 3, what is 0 - -12201220222?
12201220222
In base 14, what is -6c03 + -b?
-6c10
In base 4, what is 20122132 - 1?
20122131
In base 15, what is 11a8 + -a?
119d
In base 9, what is -18482 + 7?
-18474
In base 7, what is 4 + 612401?
612405
In base 12, what is -5 + 20238?
20233
In base 4, what is 1111 - 322232?
-321121
In base 4, what is 12310323 + -1123?
12303200
In base 13, what is -34 - -461a?
45b6
In base 6, what is -130453311 + -1?
-130453312
In base 8, what is -75011 + 0?
-75011
In base 7, what is 1 + 206000?
206001
In base 12, what is -412 - -7?
-407
In base 15, what is d26 - -176?
e9c
In base 7, what is 3326 - 12?
3314
In base 13, what is 4 + 4b1b4?
4b1b8
In base 4, what is 11211 + -211?
11000
In base 6, what is -200041 - 2?
-200043
In base 14, what is -6047 + -153?
-619a
In base 4, what is 2 - 301002033?
-301002031
In base 10, what is -1 - -2804?
2803
In base 11, what is -4 + -66323?
-66327
In base 8, what is -231646 - 5?
-231653
In base 16, what is 9033a - 2?
90338
In base 4, what is -1232233 - 1?
-1232300
In base 12, what is -7b2a + 0?
-7b2a
In base 8, what is 33 + -542?
-507
In base 12, what is 19 + 5040?
5059
In base 12, what is a + -1b6?
-1a8
In base 4, what is -221202000 - -2?
-221201332
In base 10, what is 2023 + -10?
2013
In base 12, what is -b8ba2 + -a?
-b8bb0
In base 4, what is 0 + -1330000?
-1330000
In base 11, what is 86138 - -8?
86145
In base 10, what is -12 + -127383?
-127395
In base 13, what is 18 + 7950?
7968
In base 10, what is -559 + 9?
-550
In base 11, what is 997a7 - -4?
99800
In base 4, what is -3 + -2312210?
-2312213
In base 11, what is -4 - 3549?
-3552
In base 8, what is 0 - -4072031?
4072031
In base 5, what is 2241 + 23?
2314
In base 2, what is -11010101000000100 + -1001?
-11010101000001101
In base 13, what is -1212 - 4b2?
-16c4
In base 4, what is 32013 - -20233?
112312
In base 2, what is 1010 + -1010110010000110?
-1010110001111100
In base 9, what is 364 + -4015?
-3541
In base 6, what is 44 + 501025?
501113
In base 4, what is 12 + -22203?
-22131
In base 6, what is 32043421 - 11?
32043410
In base 6, what is -20 - -11?
-5
In base 2, what is 10000010111011 - -100?
10000010111111
In base 6, what is 2500 - -35?
2535
In base 10, what is -93 - -397?
304
In base 5, what is -42104133 + 4?
-42104124
In base 9, what is -73174 - 3?
-73177
In base 7, what is -2 + 36310?
36305
In base 10, what is -30 + 16814?
16784
In base 9, what is -5 - 56285?
-56301
In base 3, what is -10112102102102 - -2?
-10112102102100
In base 5, what is -240 + -321?
-1111
In base 4, what is 1122001 - -11?
1122012
In base 3, what is 2100101 + 2?
2100110
In base 13, what is 1c + -5555?
-5536
In base 8, what is -2443 + 624?
-1617
In base 2, what is -10100011001101000101 + 101?
-10100011001101000000
In base 15, what is -a - 59b?
-5a6
In base 5, what is -20 + -3302?
-3322
In base 16, what is 39f5b + 1?
39f5c
In base 9, what is -18381 - -3?
-18377
In base 11, what is -70012 + 3?
-7000a
In base 3, what is -21111 + -112020?
-210201
In base 8, what is 37530 + 7?
37537
In base 10, what is 42 - 1399?
-1357
In base 13, what is 304 - 1685?
-1381
In base 11, what is 2 + -7033?
-7031
In base 5, what is -1140413 + -10?
-1140423
In base 8, what is -1 + 264377?
264376
In base 13, what is 9375 - -bb?
9463
In base 9, what is -8 - 1365270?
-1365278
In base 11, what is 350 - 46?
305
In base 11, what is -367598 + 5?
-367593
In base 9, what is -13 - 30548?
-30562
In base 13, what is -249803 - 4?
-249807
In base 3, what is 1 + -1111200?
-1111122
In base 6, what is -1052 - 124414?
-125510
In base 11, what is -9195 - 5?
-919a
In base 13, what is 1aba5 + -9?
1ab99
In base 2, what is -1111 - -110011100100?
110011010101
In base 4, what is 12 + 3322001?
3322013
In base 3, what is -110220210020 + 2?
-110220210011
In base 16, what is 14 + -324?
-310
In base 8, what is -23 + 77233?
77210
In base 3, what is 1020111200011 + 12?
1020111200100
In base 14, what is -1c + 1c15?
1bd7
In base 11, what is -300540a - 1?
-3005410
In base 12, what is 1 + 97642?
97643
In base 15, what is -4 + 2bb73?
2bb6e
In base 10, what is 8568 - -49?
8617
In base 2, what is 11 + -100101111111?
-100101111100
In base 8, what is -166634 - 5?
-166641
In base 7, what is -345 + -55?
-433
In base 3, what is 1002211 + -1022?
1001112
In base 14, what is -23 - 777a?
-779d
In base 12, what is -3a2 - 26?
-408
In base 11, what is -6162 + 18?
-6145
In base 9, what is 226 + 7005?
7232
In base 14, what is -1 + 62b2?
62b1
In base 4, what is 13122230 - -3?
13122233
In base 5, what is 2 + -112142?
-112140
In base 2, what is 0 + -100010100010001?
-100010100010001
In base 8, what is 110 - 2415?
-2305
In base 8, what is -21105 + 5?
-21100
In base 11, what is aa183 + -1?
aa182
In base 5, what is 10331 - 132?
10144
In base 11, what is 100a6 - -3?
100a9
In base 3, what is 122121211 - 111?
122121100
In base 15, what is -59 - 84d?
-8a7
In base 4, what is -3230201 - -11?
-3230130
In base 6, what is -2025 + -142?
-2211
In base 13, what is -1 - 3a52?
-3a53
In base 7, what is -5 + 30530?
30522
In base 9, what is 474 - -53?
537
In base 9, what is -10773 - 4?
-10777
In base 12, what is -1 + 1a03a8?
1a03a7
In base 15, what is 383b + 56?
3892
In base 12, what is 13762a7 + 4?
13762ab
In base 3, what is 11102012 + -1002?
11101010
In base 5, what is 1232140 + 10?
1232200
In base 14, what is b92 + 3b?
bcd
In base 4, what is 20 - -3303310?
3303330
In base 14, what is -4b25 + 3?
-4b22
In base 7, what is -3133120 + 1?
-3133116
In base 13, what is 883 + 147?
9ca
In base 3, what is -1121211220 - 21?
-1121212011
In base 9, what is 1356 + 0?
1356
In base 14, what is -59 + -82b4?
-832d
In base 12, what is -84177 + -3?
-8417a
In base 6, what is -3 + -155235?
-155242
In base 16, what is -23e - 43?
-281
In base 5, what is 21213 + -134?
21024
In base 12, what is -8 - 1989?
-1995
In base 11, what is 0 - -450aa3?
450aa3
In base 14, what is 162063 - -1?
162064
In base 12, what is -3b935 + -17?
-3b950
In base 15, what is 26d - 23c?
31
In base 4, what is -1203130012 + -1?
-1203130013
In base 14, what is 127337 + 2?
127339
In base 5, what is -2 + -304132?
-304134
In base 4, what is -32 + 202311321?
202311223
In base 9, what is -28742 - 17?
-28760
In base 12, what is 4 - 1a041?
-1a039
In base 7, what is 5 - 4536664?
-4536656
In base 10, what is -4 - -71807?
71803
In base 5, what is -314 - 41241?
-42110
In base 2, what is -10100100110101 + -101000?
-10100101011101
In base 4, what is -10211322 - -121?
-10211201
In base 6, what is -1304010 - -20?
-1303550
In base 15, what is -8 - 237b?
-2384
In base 2, what is -101101110111110 - 1111?
-101101111001101
In base 16, what is 17 - -1ab1d?
1ab34
In base 2, what is 11101101101001 - -1111?
11101101111000
In base 14, what is 421 - -33?
454
In base 9, what is -5 + -26672?
-26677
In base 10, what is -4963 + 41?
-4922
In base 15, what is 0 + 992d?
992d
In base 3, what is 10001102221 - 2?
10001102212
In base 7, what is -26 - 35011?
-35040
In base 3, what is 121010112112 + -21?
121010112021
In base 16, what is 512 - -e9?
5fb
In base 12, what is -1844 - -7?
-1839
In base 6, what is -3 - 20004050?
-20004053
In base 6, what is 3 - -450420?
450423
In base 15, what is 1 - 3ed9d?
-3ed9c
In base 10, what is 94285 + 2?
94287
In base 9, what is 3600235 + 0?
3600235
In base 9, what is 3178 - -40?
3228
In base 4, what is 3 - -200311113?
200311122
In base 13, what is 3 + -2abc?
-2ab9
In base 4, what is 0 + -11010221?
-11010221
In base 11, what is 106 + -1092?
-a87
In base 7, what is 5 + -12204?
-12166
In base 7, what is 140013 + 2?
140015
In base 16, what is 17 - 5f9?
-5e2
In base 8, what is -250254 + -25?
-250301
In base 8, what is 0 - -205605?
205605
In base 3, what is -101220 + -222101?
-1101021
In base 8, what is 72 - -106?
200
In base 8, what is -700 + -75?
-775
In base 15, what is -6 - 8e36e?
-8e375
In base 9, what is 8043238 + -1?
8043237
In base 11, what is 17a4 - -28?
1821
In base 15, what is 261 - 4?
25c
In base 8, what is -3313 - -21?
-3272
In 